{"id":367,"date":"2025-02-07T18:59:36","date_gmt":"2025-02-07T17:59:36","guid":{"rendered":"https:\/\/ma-structure.com\/?page_id=367"},"modified":"2025-02-24T09:33:07","modified_gmt":"2025-02-24T08:33:07","slug":"contact","status":"publish","type":"page","link":"https:\/\/ma-structure.com\/index.php\/contact\/","title":{"rendered":"Contact"},"content":{"rendered":"\n<h2 class=\"wp-block-heading\">Nous contacter<\/h2>\n\n\n\n<div style=\"height:3em\" aria-hidden=\"true\" class=\"wp-block-spacer\"><\/div>\n\n\n\n<p class=\"has-text-align-center\"><strong>N\u2019h\u00e9sitez pas \u00e0 nous contacter pour toutes questions concernant vos biens ou vos projets<\/strong><\/p>\n\n\n\n<div style=\"height:100px\" aria-hidden=\"true\" class=\"wp-block-spacer\"><\/div>\n\n\n\n<p class=\"has-text-align-center\">\u00c9changer directement avec le responsable<br>de votre projet, c&rsquo;est toujours mieux<\/p>\n\n\n\n<p><\/p>\n\n\n\n<div class=\"wpcf7 no-js\" id=\"wpcf7-f382-o1\" lang=\"fr-FR\" dir=\"ltr\" data-wpcf7-id=\"382\">\n<div class=\"screen-reader-response\"><p role=\"status\" aria-live=\"polite\" aria-atomic=\"true\"><\/p> <ul><\/ul><\/div>\n<form action=\"\/index.php\/wp-json\/wp\/v2\/pages\/367#wpcf7-f382-o1\" method=\"post\" class=\"wpcf7-form init\" aria-label=\"Formulaire de contact\" novalidate=\"novalidate\" data-status=\"init\">\n<div style=\"display: none;\">\n<input type=\"hidden\" name=\"_wpcf7\" value=\"382\" \/>\n<input type=\"hidden\" name=\"_wpcf7_version\" value=\"6.0.4\" \/>\n<input type=\"hidden\" name=\"_wpcf7_locale\" value=\"fr_FR\" \/>\n<input type=\"hidden\" name=\"_wpcf7_unit_tag\" value=\"wpcf7-f382-o1\" \/>\n<input type=\"hidden\" name=\"_wpcf7_container_post\" value=\"0\" \/>\n<input type=\"hidden\" name=\"_wpcf7_posted_data_hash\" value=\"\" \/>\n<\/div>\n<div class=\"flex\">\n\t<p class=\"form\"><label> Votre nom<\/label><br \/>\n<span class=\"wpcf7-form-control-wrap\" data-name=\"your-name\"><input size=\"40\" maxlength=\"400\" class=\"wpcf7-form-control wpcf7-text wpcf7-validates-as-required\" autocomplete=\"name\" aria-required=\"true\" aria-invalid=\"false\" value=\"\" type=\"text\" name=\"your-name\" \/><\/span>\n\t<\/p>\n\t<p class=\"form\"><label> Votre e-mail <\/label><br \/>\n<span class=\"wpcf7-form-control-wrap\" data-name=\"your-email\"><input size=\"40\" maxlength=\"400\" class=\"wpcf7-form-control wpcf7-email wpcf7-validates-as-required wpcf7-text wpcf7-validates-as-email\" autocomplete=\"email\" aria-required=\"true\" aria-invalid=\"false\" value=\"\" type=\"email\" name=\"your-email\" \/><\/span>\n\t<\/p>\n\t<p class=\"form\"><label>Votre t\u00e9l\u00e9phone <\/label><br \/>\n<span class=\"wpcf7-form-control-wrap\" data-name=\"tel-722\"><input size=\"40\" maxlength=\"400\" class=\"wpcf7-form-control wpcf7-tel wpcf7-text wpcf7-validates-as-tel\" aria-invalid=\"false\" value=\"\" type=\"tel\" name=\"tel-722\" \/><\/span>\n\t<\/p>\n\t<p class=\"form\"><label> Objet <\/label><br \/>\n<span class=\"wpcf7-form-control-wrap\" data-name=\"your-subject\"><input size=\"40\" maxlength=\"400\" class=\"wpcf7-form-control wpcf7-text wpcf7-validates-as-required\" aria-required=\"true\" aria-invalid=\"false\" value=\"\" type=\"text\" name=\"your-subject\" \/><\/span>\n\t<\/p>\n<\/div>\n<p class=\"form\"><label> Votre message (facultatif)<\/label><br \/>\n<span class=\"wpcf7-form-control-wrap\" data-name=\"your-message\"><textarea cols=\"40\" rows=\"10\" maxlength=\"2000\" class=\"wpcf7-form-control wpcf7-textarea\" aria-invalid=\"false\" name=\"your-message\"><\/textarea><\/span>\n<\/p>\n<p><input class=\"wpcf7-form-control wpcf7-submit has-spinner\" type=\"submit\" value=\"Envoyer\" \/>\n<\/p><div class=\"wpcf7-response-output\" aria-hidden=\"true\"><\/div>\n<\/form>\n<\/div>\n\n\n\n\n<div class=\"wp-block-media-text is-stacked-on-mobile\">\n<a href=\"https:\/\/www.google.fr\/maps\/place\/M.A.+STRUCTURE\/@48.8212948,7.7380339,771m\/data=!3m1!1e3!4m6!3m5!1s0x4796952e8e2ce443:0xf1279400320d6e5e!8m2!3d48.8212913!4d7.7406142!16s%2Fg%2F11x27rtk5r?entry=ttu&#038;g_ep=EgoyMDI1MDIxOS4xIKXMDSoASAFQAw%3D%3D>\n<figure class=\"wp-block-media-text__media\"><img loading=\"lazy\" decoding=\"async\" width=\"683\" height=\"431\" src=\"https:\/\/ma-structure.com\/wp-content\/uploads\/2025\/02\/plan.webp\" alt=\"\" class=\"wp-image-369 size-full\" srcset=\"https:\/\/ma-structure.com\/wp-content\/uploads\/2025\/02\/plan.webp 683w, https:\/\/ma-structure.com\/wp-content\/uploads\/2025\/02\/plan-300x189.webp 300w\" sizes=\"auto, (max-width: 683px) 100vw, 683px\" \/>\n<\/a><\/figure><div class=\"wp-block-media-text__content\">\n<h4 class=\"wp-block-heading\">O\u00f9 nous trouver ?<\/h4>\n\n\n\n<p>M.A. STRUCTURE, bureau d&rsquo;\u00e9tudes sp\u00e9cialis\u00e9 dans les structures en b\u00e9ton arm\u00e9, bois et m\u00e9tal, vous accompagne<br>dans tous vos projets. Notre \u00e9quipe intervient sur des constructions neuves ou des r\u00e9habilitations, dans un rayon d\u2019environ 150 km autour de Haguenau et Strasbourg, ainsi que dans tout le Bas-Rhin, Haut-Rhin et la Moselle.<\/p>\n<\/div><\/div>\n\n\n\n<figure class=\"wp-block-pullquote\"><blockquote><p>Chez <strong>M.A. STRUCTURE<\/strong>, votre projet est au c\u0153ur de nos priorit\u00e9s : une expertise technique solide, une proximit\u00e9 r\u00e9elle et un accompagnement sur mesure pour b\u00e2tir ensemble vos ambitions.<\/p><\/blockquote><\/figure>\n\n\n\n<p><\/p>\n","protected":false},"excerpt":{"rendered":"<p>Nous contacter N\u2019h\u00e9sitez pas \u00e0 nous contacter pour toutes questions concernant vos biens ou vos projets \u00c9changer directement avec le responsablede votre projet, c&rsquo;est toujours mieux<\/p>\n","protected":false},"author":1,"featured_media":0,"parent":0,"menu_order":0,"comment_status":"closed","ping_status":"closed","template":"","meta":{"footnotes":""},"class_list":["post-367","page","type-page","status-publish","hentry"],"_links":{"self":[{"href":"https:\/\/ma-structure.com\/index.php\/wp-json\/wp\/v2\/pages\/367","targetHints":{"allow":["GET"]}}],"collection":[{"href":"https:\/\/ma-structure.com\/index.php\/wp-json\/wp\/v2\/pages"}],"about":[{"href":"https:\/\/ma-structure.com\/index.php\/wp-json\/wp\/v2\/types\/page"}],"author":[{"embeddable":true,"href":"https:\/\/ma-structure.com\/index.php\/wp-json\/wp\/v2\/users\/1"}],"replies":[{"embeddable":true,"href":"https:\/\/ma-structure.com\/index.php\/wp-json\/wp\/v2\/comments?post=367"}],"version-history":[{"count":11,"href":"https:\/\/ma-structure.com\/index.php\/wp-json\/wp\/v2\/pages\/367\/revisions"}],"predecessor-version":[{"id":457,"href":"https:\/\/ma-structure.com\/index.php\/wp-json\/wp\/v2\/pages\/367\/revisions\/457"}],"wp:attachment":[{"href":"https:\/\/ma-structure.com\/index.php\/wp-json\/wp\/v2\/media?parent=367"}],"curies":[{"name":"wp","href":"https:\/\/api.w.org\/{rel}","templated":true}]}}